 30 = 2*z. Calculate the remainder when z is divided by n.
2
Suppose -4*f + 2*b = -62, -14*f + 3*b = -16*f + 35. Calculate the remainder when 318 is divided by f.
14
Suppose -a + 58 = a. Suppose -m = n - 6, -2*m = -3*n + 2*n - 6. Suppose -b = -d - 55, n*b = b - 4*d + 55. Calculate the remainder when b is divided by a.
26
Let n(f) = f**3 + 8*f**2 + 5*f - 5. What is the remainder when 70 is divided by n(-6)?
33
Let q(v) = -2*v + 22. Let x be q(7). Suppose -672 = -x*s - 6*s. What is the remainder when s is divided by 2/(-4) - 53/(-2)?
22
Let a = 207 + 31. Calculate the remainder when a is divided by 75.
13
Suppose -10*b + 5*b = -25. Suppose 0*z - b*t - 195 = -2*z, -3*z - 2*t = -321. What is the remainder when z is divided by 36?
33
Suppose -2*r + 8 + 0 = 0. Let y be (1 + 0)/4*(53 + -45). Suppose r*f - y*f = 34. Calculate the remainder when 67 is divided by f.
16
Suppose 52*o - 2109 = 15*o. What is the remainder when o is divided by 41?
16
Let a = 194 + -297. Let w = -52 - a. What is the remainder when w is divided by 13?
12
Suppose 5*n - 293 = 62. Let c = 138 - n. Suppose 2*k + 2*k - 68 = 0. What is the remainder when c is divided by k?
16
Suppose 0 = -4*c + 7*c - 42. Let k be 2 + (1 - 2) + 2. Suppose d = 3*h + 6*d - 34, -2*h = k*d - 22. What is the remainder when c is divided by h?
6
Let z be (-2)/((-888)/450 + (-2)/(-1)). Let h = 95 + z. What is the remainder when 38 is divided by h?
18
Let v = 1829 + -1820. Suppose 3*s - 97 = 80. Calculate the remainder when s is divided by v.
5
Let r(q) = q**3 - 4*q**2 + 5*q - 2. Let j(m) = 5*m**2 + 1. Let l be j(1). Let f be 10/3*l/4. Calculate the remainder when r(f) is divided by 17.
14
Let n(w) = 19*w + 22. Calculate the remainder when 120 is divided by n(1).
38
Calculate the remainder when 459 is divided by 666/10 - 27/45.
63
Let n(c) = -33 + 16*c + 62 - 53. Suppose -2*z + 345 = 3*z. What is the remainder when z is divided by n(3)?
21
Suppose 75*w - 15017 - 2908 = 0. Calculate the remainder when w is divided by 53.
27
Let l = -6 + 12. Let u be ((-9)/(-18))/((-2)/(-8)). Suppose 0 = u*h - 6*h + 68. Calculate the remainder when h is divided by l.
5
Let b(p) = -46 - 4*p + 25 + 23. Let t = -15 + 25. What is the remainder when b(-4) is divided by t?
8
Let s(j) = j**2 + 10*j + 13. Let z be s(-9). Suppose -68 = 3*r + 5*a, r - 83 = z*r + 2*a. Let t = r + 56. Calculate the remainder when 74 is divided by t.
24
Let u = 28 + 12. Suppose 5*k + 2*l - 63 = 0, 6*k - 3*k - u = l. Calculate the remainder when 24 is divided by k.
11
Suppose -5*k - 11 = 5*w - 41, -5*w - 15 = -4*k. What is the remainder when 39 is divided by 3 + 1 + (w - -5)?
9
Let n be ((-1)/(-3))/(3/(-18)). Let t be ((-9)/(-6))/(n/52). Let l = 50 + t. What is the remainder when l is divided by 8?
3
Let w = -34 + 55. What is the remainder when w is divided by (-180)/(-16) - (-41)/(-164)?
10
Let b = 3532 + -3464. Suppose -2*v - 2*v + 96 = 0. What is the remainder when b is divided by v?
20
Suppose 4*p = 116 + 156. Let i = 123 - p. Calculate the remainder when i is divided by 19.
17
Let z(p) = 16*p - 34. Let f = -53 + 79. Suppose 38 = 4*g - f. Calculate the remainder when z(4) is divided by g.
14
Let q = -11 + 100. Calculate the remainder when q is divided by 49.
40
Let a = -1505 - -1517. Calculate the remainder when 23 is divided by a.
11
Suppose 2*z - 4*x - 34 = 0, -3*z - 6 + 48 = 3*x. Suppose -3*l - 3*t = 12, 4*l + 0*t + 14 = -2*t. Calculate the remainder when 261/z - l/5 is divided by 11.
7
Let n = -6 + 36. Suppose 4*r = -2*a + n, 4*r - 5*a + 2 = -3. What is the remainder when 9 is divided by r?
4
Suppose 37*d - 4985 = 5301. Calculate the remainder when d is divided by 41.
32
Suppose 2*p + 32 = 4*v - p, v + 3 = -2*p. Suppose -29 = v*l - 134. Suppose 0 = -2*b - l + 167. Calculate the remainder when b is divided by 15.
13
Suppose u = 4*u + 1206. What is the remainder when u/(-10) + (-11)/55 is divided by 21?
19
Let r(p) = p**2 + 5*p + 7. Let a(t) = -3*t - 12. Let l be a(-11). Suppose -131 = -10*k - l. Calculate the remainder when r(-7) is divided by k.
10
Let s = 28 - 24. What is the remainder when 37 is divided by 42/4 - s/8?
7
Suppose 4*f = -10*i + 6*i + 60, -5*i - 4*f = -77. Calculate the remainder when i is divided by 3.
2
Suppose 0 = -5*l - 5*y + y + 147, 4*l = -3*y + 118. What is the remainder when 89 is divided by l?
27
Calculate the remainder when 4/26 + (-23832)/(-234) is divided by 13.
11
Let w(i) = i**2 - 14*i + 29. What is the remainder when 25 is divided by w(13)?
9
Suppose j = -5*o + 334, -4*o - 2*j + 256 = -4*j. What is the remainder when o is divided by 17?
15
Let v be (11 - 1)*(-4)/5. Let r be v/(-28) + (-37)/7. Calculate the remainder when 20 is divided by 22*r/(-10) + -4.
6
Suppose 70 = 3*o + 2*o. Suppose -5*h + 3*n = -328, -3*n - n - 188 = -3*h. Suppose -2*c = 6, -5*i + 3*i - 4*c = -h. What is the remainder when i is divided by o?
12
Suppose -15*z = -11*z - 84. Let y = -12 + z. What is the remainder when 15 is divided by y?
6
Let x = -262 - -283. Let o(t) = -3*t**3 - t**2 - 4*t - 2. What is the remainder when o(-3) is divided by x?
19
Let x = 30 + -74. Let w = x + 64. What is the remainder when (-58 - 1)/(4 - 5) is divided by w?
19
Let j(p) = p**3 - 9*p**2 - 3*p - 47. Calculate the remainder when 410 is divided by j(10).
19
Let q be ((-576)/(-45))/((-2)/(-5)). Suppose -5 = q*m - 33*m. Calculate the remainder when m is divided by 3.
2
Let u(l) = 3*l**2 - l + 2. Suppose -14*t - 12 - 2 = 0. What is the remainder when u(4) is divided by 25/(2 - 3)*t?
21
Suppose 350 - 854 = -7*d. Suppose 0*y = -8*y + d. What is the remainder when -6*-2*(-5)/(-4) is divided by y?
6
Let o = 20 + -14. What is the remainder when o/(-39) + 132/13 is divided by 6?
4
Let f(y) = -3*y**3 - 2*y**2 + y + 1. Suppose 5*z + 5*l - 80 = 0, -90 = -5*z + l + 4*l. Calculate the remainder when f(-3) is divided by z.
10
Let u be (-4)/6 - (55/(-15) + -1). Calculate the remainder when (-6)/(-5)*70/u - 1 is divided by 10.
0
What is the remainder when 1*(109 + (4 - 6)) is divided by 9?
8
Let l(h) = 3*h**2 + 6*h + 11. Calculate the remainder when 412 is divided by l(-6).
80
Suppose -8*g - 144 = -2*g. Let o be g/30*(-15)/(-2). Calculate the remainder when 39 is divided by (4/o)/(19/(-285)).
9
Suppose 110*h - 570 = 100*h. Calculate the remainder when 569 is divided by h.
56
Suppose -2*i = 3*i + 20. Calculate the remainder when 8 is divided by i + (-24)/(0 - 4).
0
Let c = -9 + -3. What is the remainder when (-140)/21*c/5 is divided by 5?
1
Suppose -2*r - 3 = -13. Suppose -3*t + r = -4*s, -5 - 5 = -2*t - 4*s. Suppose -5*z - 2*p + 47 = 0, -t = -2*p - p. What is the remainder when 16 is divided by z?
7
Let m be (0 + 2)/(-2)*1. Calculate the remainder when 11 is divided by 6/7*(m + 8).
5
Suppose 4*w - 93 - 3 = -2*y, -3*w = -4*y + 159. Calculate the remainder when y is divided by ((-20)/(-6))/((-4)/(-18)).
12
Suppose l - 5*l = 8. Calculate the remainder when 1/l - ((-303)/2 + -1) is divided by 17.
16
Suppose -420 = -23*i + 29*i. Let x = i + 92. What is the remainder when 109 is divided by x?
21
Let l(k) = 19*k**2 - 1. Let a be l(1). Suppose -2*t = -2*b, -2*b - 3*t = b - a. What is the remainder when (b/2)/((-1)/(-62)) is divided by 24?
21
Let o(b) = -b**3 + 7*b**2 + 9*b - 5. Let v be o(8). Let a(t) = -t + 8. What is the remainder when (11/2)/(v/6) is divided by a(4)?
3
Suppose 3 = -5*z - k, -4*z + 12 = -6*k + 2*k. Suppose -5*j - 47 = -0*y - y, -j - 4 = z. What is the remainder when 215 is divided by y?
26
Let j(n) = -18*n**2 - 189*n - 1. What is the remainder when j(-8) is divided by 33?
29
Suppose 30 = 5*n + 5. Suppose -n*l = 114 - 9. What is the remainder when -1 + 0 + 64 + l is divided by 9?
6
What is the remainder when (110/70 + -4)*-63 is divided by 30?
3
Let w = 356 - 347. What is the remainder when 156 is divided by w?
3
Let u = 1004 - 974. What is the remainder when 747 is divided by u?
27
Suppose 0 = -3*o - 62 + 74. Suppose 0 = b - 23 - 4. Suppose 0 = -3*r + 2*h - 6*h + b, 0 = 4*r + h - 36. What is the remainder when r is divided by o?
1
Suppose 4*m - 804 - 148 = 0. Calculate the remainder when m is divided by 11.
7
Suppose 3*k + k - 473 = -g, -3*g = 2*k - 1449. Let l = g - 315. Calculate the remainder when l is divided by 25.
20
Let f = 1826 + -1672. Calculate the remainder whe